{"id":167,"date":"2018-08-29T14:45:35","date_gmt":"2018-08-29T12:45:35","guid":{"rendered":"http:\/\/www.sadeckasamochodowka.pl\/?page_id=167"},"modified":"2026-03-22T20:07:50","modified_gmt":"2026-03-22T19:07:50","slug":"o-nas","status":"publish","type":"page","link":"https:\/\/www.sadeckasamochodowka.pl\/","title":{"rendered":"O nas"},"content":{"rendered":"<p>Jeste\u015bmy Stowarzyszeniem, kt\u00f3re skupia sympatyk\u00f3w &#8222;S\u0105deckiej Samochod\u00f3wki&#8221; &#8211; szko\u0142y z tradycjami i ogromnymi zas\u0142ugami dla Nowego S\u0105cza i ca\u0142ego regionu. Cz\u0142onkami s\u0105 absolwenci szko\u0142y, obecni uczniowie,\u00a0 obecnie pracuj\u0105cy i emerytowani nauczyciele\u00a0oraz inne osoby kt\u00f3rym szko\u0142a nie jest oboj\u0119tna.<\/p>\n<p>Naszym celem jest dzia\u0142alno\u015b\u0107 na rzecz Zespo\u0142u Szk\u00f3\u0142 Samochodowych im. In\u017c. Tadeusza Ta\u0144skiego w Nowym S\u0105czu, promowanie szko\u0142y, jej dzia\u0142alno\u015bci edukacyjnej, osi\u0105gni\u0119\u0107, historii.\u00a0Dok\u0142adnie cele i sposoby realizowania opisane s\u0105 w <a href=\"https:\/\/www.sadeckasamochodowka.pl\/wp-content\/uploads\/2022\/03\/statut-stowarzyszenia-sadecka-samochodowka.pdf\" target=\"_blank\" rel=\"noopener\">Statucie<\/a>.<\/p>\n<p><a href=\"https:\/\/www.sadeckasamochodowka.pl\/?page_id=43\" target=\"_blank\" rel=\"noopener\">Dzia\u0142aj razem z nami \ud83d\ude42<\/a><\/p>\n<div><strong>Rozpoczynamy ju\u017c zapisy na V Memoria\u0142 in\u017c. Tadeusza Ta\u0144skiego<br \/>\n<\/strong><\/div>\n<div class=\"x11i5rnm xat24cr x1mh8g0r x1vvkbs xtlvy1s\">Formularz zg\u0142oszeniowy:<br class=\"html-br\" \/><a href=\"https:\/\/forms.gle\/QuCpRRyC3MN3pdib7\">\u2013 zg\u0142o\u015b udzia\u0142 w V Memoriale &gt;&gt;&gt;&gt;&gt;<\/a><\/div>\n<p><a href=\"https:\/\/forms.gle\/QuCpRRyC3MN3pdib7\" rel=\"attachment wp-att-5375\"><img fetchpriority=\"high\" decoding=\"async\" class=\"aligncenter size-full wp-image-5375\" src=\"https:\/\/www.sadeckasamochodowka.pl\/wp-content\/uploads\/2026\/03\/Copilot_20260322_194025.png\" alt=\"\" width=\"1536\" height=\"1024\" srcset=\"https:\/\/www.sadeckasamochodowka.pl\/wp-content\/uploads\/2026\/03\/Copilot_20260322_194025.png 1536w, https:\/\/www.sadeckasamochodowka.pl\/wp-content\/uploads\/2026\/03\/Copilot_20260322_194025-300x200.png 300w, https:\/\/www.sadeckasamochodowka.pl\/wp-content\/uploads\/2026\/03\/Copilot_20260322_194025-1024x683.png 1024w, https:\/\/www.sadeckasamochodowka.pl\/wp-content\/uploads\/2026\/03\/Copilot_20260322_194025-768x512.png 768w, https:\/\/www.sadeckasamochodowka.pl\/wp-content\/uploads\/2026\/03\/Copilot_20260322_194025-200x133.png 200w, https:\/\/www.sadeckasamochodowka.pl\/wp-content\/uploads\/2026\/03\/Copilot_20260322_194025-690x460.png 690w\" sizes=\"(max-width: 1536px) 100vw, 1536px\" \/><\/a><\/p>\n","protected":false},"excerpt":{"rendered":"<p>Jeste\u015bmy Stowarzyszeniem, kt\u00f3re skupia sympatyk\u00f3w &#8222;S\u0105deckiej Samochod\u00f3wki&#8221; &#8211; szko\u0142y z tradycjami i ogromnymi zas\u0142ugami dla Nowego S\u0105cza i ca\u0142ego regionu.&nbsp;[&hellip;]<\/p>\n","protected":false},"author":2,"featured_media":0,"parent":0,"menu_order":100,"comment_status":"closed","ping_status":"closed","template":"","meta":{"footnotes":""},"class_list":["post-167","page","type-page","status-publish","hentry","post-item clearfix"],"_links":{"self":[{"href":"https:\/\/www.sadeckasamochodowka.pl\/index.php?rest_route=\/wp\/v2\/pages\/167","targetHints":{"allow":["GET"]}}],"collection":[{"href":"https:\/\/www.sadeckasamochodowka.pl\/index.php?rest_route=\/wp\/v2\/pages"}],"about":[{"href":"https:\/\/www.sadeckasamochodowka.pl\/index.php?rest_route=\/wp\/v2\/types\/page"}],"author":[{"embeddable":true,"href":"https:\/\/www.sadeckasamochodowka.pl\/index.php?rest_route=\/wp\/v2\/users\/2"}],"replies":[{"embeddable":true,"href":"https:\/\/www.sadeckasamochodowka.pl\/index.php?rest_route=%2Fwp%2Fv2%2Fcomments&post=167"}],"version-history":[{"count":18,"href":"https:\/\/www.sadeckasamochodowka.pl\/index.php?rest_route=\/wp\/v2\/pages\/167\/revisions"}],"predecessor-version":[{"id":5376,"href":"https:\/\/www.sadeckasamochodowka.pl\/index.php?rest_route=\/wp\/v2\/pages\/167\/revisions\/5376"}],"wp:attachment":[{"href":"https:\/\/www.sadeckasamochodowka.pl\/index.php?rest_route=%2Fwp%2Fv2%2Fmedia&parent=167"}],"curies":[{"name":"wp","href":"https:\/\/api.w.org\/{rel}","templated":true}]}}

<p>Jesteśmy Stowarzyszeniem, które skupia sympatyków &#8222;Sądeckiej Samochodówki&#8221; &#8211; szkoły z tradycjami i ogromnymi zasługami dla Nowego Sącza i całego regionu. Członkami są absolwenci szkoły, obecni uczniowie,  obecnie pracujący i emerytowani nauczyciele oraz inne osoby którym szkoła nie jest obojętna.</p>
<p>Naszym celem jest działalność na rzecz Zespołu Szkół Samochodowych im. Inż. Tadeusza Tańskiego w Nowym Sączu, promowanie szkoły, jej działalności edukacyjnej, osiągnięć, historii. Dokładnie cele i sposoby realizowania opisane są w <a href="https://www.sadeckasamochodowka.pl/wp-content/uploads/2022/03/statut-stowarzyszenia-sadecka-samochodowka.pdf" target="_blank" rel="noopener">Statucie</a>.</p>
<p><a href="https://www.sadeckasamochodowka.pl/?page_id=43" target="_blank" rel="noopener">Działaj razem z nami 🙂</a></p>
<div><strong>Rozpoczynamy już zapisy na V Memoriał inż. Tadeusza Tańskiego<br />
</strong></div>
<div class="x11i5rnm xat24cr x1mh8g0r x1vvkbs xtlvy1s">Formularz zgłoszeniowy:<br class="html-br" /><a href="https://forms.gle/QuCpRRyC3MN3pdib7">– zgłoś udział w V Memoriale &gt;&gt;&gt;&gt;&gt;</a></div>
<p><a href="https://forms.gle/QuCpRRyC3MN3pdib7" rel="attachment wp-att-5375"><img fetchpriority="high" decoding="async" class="aligncenter size-full wp-image-5375" src="https://www.sadeckasamochodowka.pl/wp-content/uploads/2026/03/Copilot_20260322_194025.png" alt="" width="1536" height="1024" srcset="https://www.sadeckasamochodowka.pl/wp-content/uploads/2026/03/Copilot_20260322_194025.png 1536w, https://www.sadeckasamochodowka.pl/wp-content/uploads/2026/03/Copilot_20260322_194025-300x200.png 300w, https://www.sadeckasamochodowka.pl/wp-content/uploads/2026/03/Copilot_20260322_194025-1024x683.png 1024w, https://www.sadeckasamochodowka.pl/wp-content/uploads/2026/03/Copilot_20260322_194025-768x512.png 768w, https://www.sadeckasamochodowka.pl/wp-content/uploads/2026/03/Copilot_20260322_194025-200x133.png 200w, https://www.sadeckasamochodowka.pl/wp-content/uploads/2026/03/Copilot_20260322_194025-690x460.png 690w" sizes="(max-width: 1536px) 100vw, 1536px" /></a></p>

<p>Jesteśmy Stowarzyszeniem, które skupia sympatyków &#8222;Sądeckiej Samochodówki&#8221; &#8211; szkoły z tradycjami i ogromnymi zasługami dla Nowego Sącza i całego regionu.&nbsp;[&hellip;]</p>
